ue of (-3 - (-2 - 4)) + -6?
-3
(134 - 138) + 1 + -3
-6
Evaluate -6 + 0 - -5 - (2 + -6).
3
Evaluate -5 + 0 - (-1 - 2).
-2
What is the value of -1 - 3 - (-43 - -34)?
5
What is the value of -2 - (7 + -9 + 3 + 1)?
-4
Evaluate -23 + 12 - (-6 - 2).
-3
(10 - 23) + 9 + 5
1
-1 + 5 + 2 - (4 + -1)
3
Calculate (-2 - -5) + 28 + -26.
5
Calculate -4 - -7 - -1 - (-5 + 8).
1
Evaluate 4 - (-3 + -1 + 11 + 5).
-8
What is (-2 - -1 - 2) + 223 + -219?
1
What is the value of 13 + -6 + (3 - 2 - 16)?
-8
What is 6 + 0 - (11 - 3)?
-2
What is 1 + -1 - (-4 - (-6 + 6))?
4
What is the value of 0 - (5 + 5 + -9)?
-1
Evaluate -2 - (-14 + 0 + 6).
6
-6 + (6 + -3 - 4)
-7
What is the value of -3 - (4 + -12 + 2 + -1)?
4
What is -2 + 5 + 5 - 3?
5
What is the value of -4 - (0 + 2 + -5 + 1)?
-2
-1 - (4 + -5) - -2
2
-3 + (-6 - (4 + -15 + 3))
-1
(11 - 3) + (-8 - -3) + -5
-2
Evaluate -11 + (-2 - -11 - 2).
-4
What is the value of -1 + -4 + (2 - -1)?
-2
Calculate (-8 - (-2 - 2) - -6) + -6.
-4
What is (-1 - 0) + 5 - (1 - -1)?
2
-2 + 7 - (4 - 2)
3
(57 - 59) + 0 + 1 + 8
7
What is the value of 8 - (4 - 1) - (6 + -5)?
4
Evaluate -1 + 0 - (-5 - -2).
2
-1 + (10 - 3) - 3
3
Calculate 6 + (-2 - 4) + (2 - -2).
4
Calculate -1 + -1 - (-11 + (3 - -4)).
2
Calculate -3 + 1 + (-1 - (-7 - 0)).
4
What is -10 - -8 - (-11 + 1)?
8
What is the value of -10 + (-6 - -8) + 6?
-2
What is 2 + -4 - (12 - -1 - 10)?
-5
What is (61 - 60) + (-4 - 0)?
-3
(5 - 2 - 5) + -4
-6
Evaluate -6 - (3 + (-7 - -3) - 1).
-4
1 - (9 + -15) - 6
1
Evaluate 7 - 7 - (-6 - -3 - -9).
-6
What is -4 - (1 + 3 - 13)?
5
What is (5 + -1 - (10 + -1)) + 2?
-3
Calculate 4 - 1 - (3 + 3).
-3
What is -1 + 2 + (10 + -3 - 6)?
2
What is the value of 2 - 2 - (-3 + 7)?
-4
(1 - 7) + 7 + 0 + 1
2
What is 5 + 0 + (2 - 5 - 1)?
1
-1 + -2 + -1 + -1
-5
What is the value of 13 + -9 + -5 + 8?
7
Calculate 2 + -2 - 6 - (-19 - -16).
-3
What is -4 + 7 + -3 + 0?
0
Evaluate (-4 + 10 - -1) + -2 + -5.
0
(1 - 2) + (-8 - -3)
-6
4 - (3 + (-7 - -3))
5
Calculate -3 + 2 + -9 + 5.
-5
Calculate (-3 + 2 - 0) + 2.
1
What is the value of 0 - (-1 - -10 - 7)?
-2
8 - (8 - 7 - -3)
4
What is 2 + (7 - 4) + -1?
4
(8 - (-3 - (7 + -22))) + -2
-6
-4 - -3 - 10 - -19
8
What is 0 + (5 - 4 - 1) + 2?
2
Calculate -4 - (9 + -16 - 1).
4
7 + 5 + -3 + -5
4
What is the value of 3 + -1 + 2 + -6?
-2
Evaluate (-4 + 3 - 2) + 3 - 5.
-5
Calculate -8 + 4 + -6 + 17.
7
Calculate -3 - (6 + -4 + -5).
0
(5 - (3 - (0 - 1))) + -2
-1
Calculate 28 - 23 - (0 - 1 - -5).
1
What is the value of 22 + -18 - (1 + -2)?
5
What is the value of -2 - (-1 + 3 + -1)?
-3
Calculate -2 + (9 - 17) + 13.
3
Calculate 0 + (-5 - -5) + 1 + -6.
-5
-28 - -34 - (0 + 2)
4
-10 - -9 - -4 - 9
-6
Calculate -15 + 18 + (-3 - -1).
1
What is -4 + (7 - ((0 - -1) + 3))?
-1
Calculate -3 + -2 - (5 + -7 - 4).
1
Calculate (-4 - -6) + -4 + -1.
-3
Calculate (-1 + 2 - 0) + 24 + -28.
-3
Evaluate -8 - -3 - 2 - -1.
-6
What is the value of -8 + (3 + -1 - -8)?
2
Calculate (2 - 16) + -104 + 110.
-8
What is (13 - 17) + 7 + -1?
2
Evaluate 2 - (2 + -6 + 9) - 1.
-4
What is the value of (-3 - -1) + 8 + -12?
-6
Evaluate -4 + -4 + 12 + (-8 - -3).
-1
Calculate 8 - (3 - 0 - (7 + -7)).
5
What is 7 + (2 - 3) + 18 + -17?
7
What is the value of -14 - -5 - -1 - -6?
-2
(5 - 2 - (4 + -1)) + 3
3
What is -10 + 8 + 4 + (0 - 7)?
-5
What is the value of (2 - (1 + -3)) + -2?
2
What is the value of 6 - (0 - 4 - -11)?
-1
What is -6 + -7 + 12 + 0 + -1?
-2
What is the value of 1 + (3 - 4) + -6 - -2?
-4
What is the value of -6 - -19 - 8 - (3 + 2)?
0
-2 - (2 + -1 + 0)
-3
What is the value of 6 - (5 + 0) - -8?
9
What is the value of 7 + (-2 - 2) + -11?
-8
Evaluate -1 + 1 + 1 + (1 - 0).
2
Calculate 0 + (1 - 3) - -2.
0
What is 2 + -1 + 6 - (-102 + 105)?
4
Evaluate -6 - -6 - (4 - (0 + 9)).
5
Calculate -3 - (-3 - (-10 + 2)) - -5.
-3
Calculate (6 - (3 + -1)) + -9.
-5
Evaluate 2 - (10 - (5 + -2)).
-5
What is 3 + 3 + (-6 - -1)?
1
Evaluate (-2 - -8 - 8) + 3.
1
-12 + 14 + -1 + 4
5
Evaluate 39 + -37 - (17 - 5).
-10
What is 4 - (13 + -10 + (1 - 1))?
1
0 + -1 + 4 + -6 + 6
3
10 + -22 + -1 + 22
9
What is the value of -1 - (4 - (0 + 2 - 2))?
-5
What is -7 + 3 - (-4 - -6)?
-6
Calculate -3 - 4 - (-10 + 1).
2
Calculate -1 + 2 - (-1 + 4 - 5).
3
What is the value of 4 - -5 - (2 - -2)?
5
What is the value of (6 - (1 - 0)) + (8 - 2)?
11
What is the value of -7 + 4 + 7 - 2?
2
Evaluate (-7 - (5 - 17)) + -8.
-3
Evaluate 1 + 8 - (32 - 28).
5
0 - -1 - (-1 + (-2 - 1))
5
Calculate -2 - 1 - (-62 + 51).
8
What is the value of 8 + -12 + 2 + 3 - 4?
-3
Evaluate 5 + 1 - (-8 + 9 + 15).
-10
What is the value of 0 + (4 - (3 + 2)) + -7?
-8
What is -2 + -4 + (2 - (3 - 10))?
3
Evaluate -6 + (-1 - -12) + -10.
-5
1 + -2 + 0 + 1 + 2
2
Calculate 5 - (12 + (9 - 12)).
-4
-7 + 6 + 3 + -3
-1
What is the value of (1 - 4) + 6 + 0 + -5?
-2
Calculate 0 - (7 + -7 + -5 + -2).
7
Evaluate (5 - (-3 + 6)) + (-1 - 2).
-1
What is (0 - -1) + -2 + -2 + 4?
1
What is -2 + 1 + (-7 - -8)?
0
Calculate (9 - 1) + (-7 - -4).
5
What is (0 - (-4 + 4 + -1)) + 2?
3
What is 5 + (-4 - 15) - -8?
-6
Evaluate (7 - 3) + (-34 - -26).
-4
Calculate (1 - 20) + 14 + (-2 - -4).
-3
What is the value of 3 + (-4 - -1 - (-1 - 1))?
2
Calculate 2 + 5 - (22 + -21).
6
What is the value of -1 + -2 + 1 + 4 - 0?
2
-9 - (4 + (-10 - -2))
-5
What is the value of -3 - 1 - (1 - (3 + 3))?
1
What is the value of -11 - (-13 + 9 + 1)?
-8
Evaluate 2 - 0 - (2 + 1 + -5).
4
What is the value of -2 - (-20 + 11 + 7)?
0
Evaluate (4 - 16) + -1 + 4 - -4.
-5
What is the value of -1 + (7 - -1) - (61 + -58)?
4
What is (4 - -7 - 4) + -6?
1
Evaluate 4 + (16 - 19) + 1 + 2.
4
Evaluate 2 + -4 + 3 + (18 - 14).
5
Evaluate 4 - (-2 - 1 - -4 - -2).
1
Evaluate -4 - -2 - (-5 + 1).
2
Calculate (-5 - -8) + -6 + -2 + 2.
-3
(3 + 7 - 12) + 5 + -1
2
Calculate (1 + 10 - 3) + -1 + -2.
5
Evaluate (1 - -8) + (-32 - -25).
2
What is the value of -10 + (8 - 6) - -9?
1
-10 + 9 + (4 - 1) + 0
2
Evaluate 2 + 0 - (-12 - (1 - 15)).
0
Evaluate (10 + -4 - 6) + (3 - -1).
4
Calculate -4 + 1 + 7 + -2.
2
(7 - -2 - (1 + 0)) + -4
4
What is 6 + -10 - -16 - 3?
9
What is 3 - ((3 - -6) + -5)?
-1
What is the value of 0 + -4 + -5 + 14?
5
Calculate -3 + 0 + 1 + -3.
-5
1 + -5 - (-2 + (2 - 3))
-1
What is (0 - (2 + 9)) + -1 + 7?
-5
What is the value of 1 - 12 - (-10 + 4 - -1)?
-6
Evaluate (1 - (0 + -2)) + -3.
0
What is 6 + (7 + -13 + -8 - 0)?
-8
What is 8 + 0 + (29 - 8 - 35)?
-6
Calculate (9 - (0 - -4) - 2) + 1.
4
3 + 0 + -1 + 2
4
Evaluate 3 - (-3 + (-1 - -2) + 1).
4
What is -16 - -22 - (18 - 9)?
-3
Calculate 0 + 0 - (-17 + 12).
5
What is (10 - (-1 - (-3 + -1))) + -1?
6
Calculate -7 + -6 + (-2 - -8).
-7
-7 + -3 + (-3 - -7)
-6
Calculate 0 - (2 + 2 + -3 - -2).
-3
-7 - ((3 - -5) + -15)
0
Calculate (9 - 7) + 3 + -6.
-1
Evaluate -5 - ((-1 - 2) + 3) - -3.
-2
-16 - -12 - (1 + -5)
0
-2 - (1 + 2 - (2 + -1))
-4
Evaluate 1 + 6 + (-5 - -1).
3
What is (-5 - -6) + -5 + 11 + -1?
6
5 - 11 - 1 - (2 - 5)
-4
Evaluate -1 - (1 - ((6 - 4) + -3)).
-3
What is the value of -2 + -7 + -12 + 12?
-9
What is 5 - (-1 + 1 + -1)?
6
-9 + (-2 + 10 - -1)
0
Evaluate 16 + -20 + 5 - (0 - -4).
-3
(-2 - -16) + (-19 - -8)
3
What is the value of -6 + 7 - (1 + (3 - 0))?
-3
What is 9 + -3 + 0 - -1?
7
Calculate 0 + 3 + 3 + -13 + 10.
3
Evaluate -8 + (12 - 5) - -7.
6
What is 0 - (2 + -2 - -1 - 2)?
1
Calculate (16 - (3 - -11)) + 2 + -4.
0
Evaluate 1 - (-1 + (1 - -4)).
-3
4 + (-5 - 4) + 4
-1
What is 2 + -7 + 4 + 4 - 0?
3
Calculate (5 - 4) + 5 - 2.
4
-1 + -1 + 26 + -29
-5
-4 - (-4 - ((-2 - 0) + 1))
-1
What is -2 - (-3 - (-3 - (-1 - 2)))?
1
What is the value of -4 + (1 - -1) - (-6 + 4)?
0
Calculate 3 - (2 - -2 - 5).
4
Evaluate 1 + -5 + 2 + 0 + -7.
-9
What is 6 + -14 - -2 - -6?
0
Calculate 0 + 1 + 1 - (40 - 36).
-2
Calculate 3 - (-6 + -1 + 3 - -8).
-1
1 - -7 - (-48 - -54)
2
What is the value of 4 - 0 - (-4 - -4)?
4
What is the value of -3 + (-9 + -5 - -8 - 1)?
-10
Evaluate -4 + 1 + -3 + 5.
-1
What is the value of (-3 - (-4 - (3 + 3))) + -6?
1
-3 + (1 - 4 - (-2 + -1))
-3
Calculate (24 - 14) + -17 + -2.
-9
Calculate 4 + (-4 - (2 - 3)).
1
0 + (-3 - (-6 - -2))
1
Evaluate -9 - (-7 - (2 - -4)).
4
5 + -6 + 6 - 10
-5
Evaluate -7 - (8 + -19) - (1 - -2).
1
-1 + -4 + (-6 - -3) + 13
5
Calculate -17 - (-46 - -20) - (2 - 1).
8
Calculate 8 + (3 - 4) + (-4 - -2).
5
What is 0 + -3 + (4 - 1) - 0?
0
What is the value of 8 + -13 + 6 +